 = -2*j. Let s = j - 32. What is the highest common factor of 18 and s?
6
Suppose -m = s - 35, 9*s - 5*s + 5*m = 135. Calculate the greatest common factor of s and 5.
5
Let m(f) = -4*f**2 + 23*f + 2. Let b(q) = 7*q**2 - 2*q. Let s be b(1). Let a be m(s). Calculate the greatest common divisor of 187 and a.
17
Let x be 6/(-14) - (2440/56 - -7). Let n be (4 + -5)*-4*x/(-12). Calculate the greatest common factor of 153 and n.
17
Suppose -3*j + 115 = 2*j. Let h(r) = 7*r**3 - r - 2. Let x be h(3). Calculate the highest common divisor of x and j.
23
Let u(q) = q**3 + 10*q**2 + 14*q - 11. Let n be u(-8). Let w(f) = -f**2 + 4*f + 8. Let x be w(n). What is the highest common factor of 27 and x?
3
Let f(d) = -11 - 10*d - 8*d + d**2 + 4*d. Let m be f(15). What is the highest common divisor of m and 2?
2
Let i be (-4)/14 - (-1118)/91. Suppose h - i = -5. Let x be 396/(-77)*h/(-2). What is the greatest common factor of x and 2?
2
Suppose 6*a - 39 = 3. Suppose 5*j - 11 = 2*g, 0 = -4*j + 3*g + a - 1. Suppose j*x - 74 = 22. What is the greatest common factor of 8 and x?
8
Let y = -118 + 230. What is the greatest common factor of 16 and y?
16
Let g(d) = -4*d**3 - 62*d**2 - 33*d - 35. Let v be g(-15). Calculate the greatest common factor of 95 and v.
5
Let w(d) = -d**2 + 2*d + 120. Let k be (4 - 0 - 3)*0. Let c be w(k). Calculate the greatest common factor of c and 48.
24
Suppose 3*a + 24 = 57. Let l = a - 2. What is the greatest common divisor of l and 72?
9
Suppose -o = -4*o + 9. Let z = 8 - o. What is the greatest common factor of z and 35?
5
Suppose -4*i + 17 = 1. Let q = i + -2. Suppose -77 = -3*c - w - w, 5*c + q*w = 127. Calculate the highest common divisor of c and 25.
25
Let u = -226 + 1171. Suppose 5*n = -4*n + u. What is the greatest common factor of 42 and n?
21
Suppose -2*h + 415 = -h. Let r = 205 + -422. Let b = r + h. What is the highest common divisor of b and 22?
22
Let t = 68 + -38. Let d be (-6)/t + (-31)/(-5). Let g = -33 + 57. Calculate the greatest common factor of g and d.
6
Suppose 8*k - 12*k = -680. Calculate the greatest common divisor of k and 60.
10
Suppose -7004 = -4*y - m, -62*y + 1734 = -61*y - 4*m. Calculate the highest common factor of y and 14.
14
Let h(t) = 6*t**2. Let q be h(6). What is the greatest common factor of q and 24?
24
Let w be (-20)/(-130) - 12/(-39)*370. Calculate the greatest common factor of w and 2166.
114
Let z be (-3)/6*(-14 - -4). Let g(l) = 3*l + 9 + 2*l - 3 - 3*l. Let x be g(z). Calculate the greatest common factor of 2 and x.
2
Suppose 11*i - 7*i - 1108 = 0. Suppose -6*m = -i - 233. Calculate the greatest common factor of 17 and m.
17
Let d(n) = -187*n + 39. Let b be d(-1). What is the greatest common divisor of 2 and b?
2
Let h be -4 - (9 - (4 + -4)). Let c(n) = -n**3 - 12*n**2 + 12*n - 1. Let u be c(h). What is the highest common divisor of 84 and u?
12
Suppose 2*u = -0*u + 24. Let d be 2 + (-6 - (0 - 2/1)). Let l be ((-84)/(-35))/((-6)/40*d). Calculate the greatest common factor of l and u.
4
Let a(n) = 34*n**2 - 3*n - 4. Suppose -19*l = -18*l - 2. Let y be a(l). Calculate the greatest common divisor of 21 and y.
21
Let p = 36 + -13. Suppose -4*r = -2*t - 247 + p, 5*r = 4*t + 460. Let a be ((-28)/(-35))/((-1)/t). Calculate the greatest common factor of a and 12.
12
Let k be (-1)/(-3 + (-40)/(-15)). Suppose 4*s - 108 = k*u, u - 94 = -0*s - 3*s. What is the greatest common divisor of s and 12?
6
Let j = -34 - -34. Suppose j = -n + 13 + 7. What is the highest common divisor of n and 8?
4
Suppose -180*a = -195*a + 210. Suppose -l + 3*m + 10 = 0, -5*m = -2*l - l + 26. Calculate the highest common factor of a and l.
7
Let y = -54 + 286. Let g be ((-4)/4)/((-2)/6). Suppose g*s + 5*h = 107, 3*s - 21 = 4*h + 50. What is the greatest common factor of s and y?
29
Suppose 3*l = -4*r + 237, 2*l + 2*l - 316 = r. Calculate the highest common divisor of 395 and l.
79
Let h = 161 - 68. Let a = -60 + h. Calculate the greatest common factor of a and 22.
11
Let j be 18/18 + 61 + 0. Let v = -42 + j. What is the highest common factor of 50 and v?
10
Suppose 7*k + 266 = t + 5*k, -3*t = -3*k - 804. Calculate the greatest common factor of t and 30.
30
Let h = -1090 + 1134. What is the highest common factor of 55 and h?
11
Let k = 134 - 95. Let p = -13 + k. What is the highest common factor of 104 and p?
26
Suppose -152 = -5*g + 73. Let u be (-12)/90 + 1536/g. What is the highest common divisor of 68 and u?
34
Suppose -4*f + 3*d = -45, 3*f + 5*d - 17 = 2*f. Let b = f + -7. Let u(k) = -k**3 + k**2 + 35. Let o be u(0). Calculate the greatest common divisor of o and b.
5
Let l be 2/(47/15 - 3). Let j = 35 - l. Calculate the highest common divisor of j and 8.
4
Let c(t) = -t**2 - 23*t - 81. Let u be c(-5). Suppose -3*d = -0*d - 216. What is the highest common divisor of d and u?
9
Let u = -1103 + 2130. Calculate the greatest common factor of u and 13.
13
Let w = -61 - -156. Let t = w + -5. Let b = -711 + 747. What is the greatest common divisor of b and t?
18
Let h(f) = -63*f + 17. Let n be h(-2). What is the greatest common divisor of 13 and n?
13
Suppose -4*u = 5*r - 95 + 8, 5*u - 99 = -3*r. Let h = u + -11. Let z = -3 + h. What is the greatest common divisor of 6 and z?
2
Suppose 0 = z - 4*o + 17, -3*z = -4*z - 3*o + 18. Suppose 5*a = 4*i + 125, -3*a - 5*i + 19 + 19 = 0. What is the highest common divisor of z and a?
3
Let z(s) = -s**3 + 14*s**2 - 13*s - 2. Let y be z(13). Let q be 37 - (1 - (y - -6)). What is the highest common divisor of q and 16?
8
Let u(x) = -152*x**3 + x**2 - 1. Let k be u(-1). Let r = k + -96. Calculate the greatest common divisor of 8 and r.
8
Let f be 89 - (-4)/8*2. What is the greatest common divisor of f and 315?
45
Suppose 11*v - 367 = 304. Let o be ((-5490)/15)/(6/(-8)). What is the highest common divisor of v and o?
61
Let r be (-4)/10 - 186/(-15). Suppose 9*s - 4*s = -4*y - 34, -2*y = -3*s - 16. Let u = r - s. Calculate the greatest common factor of u and 2.
2
Let b be 38 + -14 + -4 + (2 - -6). What is the greatest common factor of 7 and b?
7
Let g(n) = -12*n + 819. Let f(z) = 19*z - 1229. Let j(c) = 5*f(c) + 8*g(c). Let r be j(0). Calculate the greatest common divisor of 37 and r.
37
Let q be 1/(1*3/27). Suppose -4*j = -10 + 14. Let g be 9/(j/((-22)/2)). What is the highest common divisor of g and q?
9
Let x be (-5)/(-2)*(-6)/(-5). Suppose 0*m - x*s - 94 = 2*m, -5*s = 20. Let b be -4 - -4 - (m + -1). What is the greatest common divisor of b and 6?
6
Suppose 3*b + 2*r - 3*r - 62 = 0, -36 = -2*b - 2*r. Let j(y) = 42*y - 2. Let f be j(1). Calculate the greatest common factor of b and f.
20
Let y(u) = u + 6. Let s be y(13). Let h = -58 + 210. Calculate the highest common divisor of h and s.
19
Suppose 0 = -62*y + 63*y + j - 198, 3*j - 796 = -4*y. Calculate the highest common divisor of 2 and y.
2
Suppose 71 = 3*c + 4*m, 7*c + 2*m - 68 = 3*c. Let l(s) = 10*s + 2. Let n be l(5). What is the greatest common factor of c and n?
13
Let y(u) = u**2 - 21*u - 1. Let s be y(23). Let x(b) = -18*b**3 - b**2 - 2*b - 1. Let k be x(-1). Calculate the greatest common factor of s and k.
9
Suppose -7*l + 259 = -336. Let w = -76 + l. Calculate the highest common factor of 117 and w.
9
Let x be 26*(-5)/(3 - -7). Let l be (-3 + 1)*(0 - -6). Let k = l - x. Calculate the greatest common divisor of 1 and k.
1
Let k(o) = o**3 + 7*o**2 - 2*o - 6. Let b be k(-7). Suppose -b*c + 148 = 4. What is the greatest common divisor of c and 18?
18
Suppose 3*x = x + 16. Let l be (-4)/x*-2 + 1. Let v = l - 0. What is the greatest common divisor of v and 6?
2
Let c(z) = 13*z - 21. Let w be c(3). What is the highest common divisor of 10 and w?
2
Let r(h) = h**3 + 20*h**2 - 24*h - 3. Let w be r(-21). Let b be 24*(-2)/(-4)*1. Calculate the highest common factor of b and w.
12
Let l be 2*2*(-17)/(-2). Suppose -3*k + 4*w - 3 = -34, 5*k - 80 = w. What is the greatest common divisor of k and l?
17
Let v be 7/((-21)/6) - (-18)/2. Suppose -2*p + 32 = -38. What is the highest common factor of p and v?
7
Let z = 63 + -58. Suppose -4*b - 3*k + 46 = -0*k, 0 = z*k - 10. Suppose -3*p = p - 120. What is the highest common divisor of b and p?
10
Let k = -88 - -207. Suppose -193 - 283 = -28*l. What is the greatest common factor of l and k?
17
Let l(p) = 